{"id":1968,"date":"2025-10-06T22:02:18","date_gmt":"2025-10-06T20:02:18","guid":{"rendered":"https:\/\/legecapferret-handball.fr\/?page_id=1968"},"modified":"2026-02-28T22:00:23","modified_gmt":"2026-02-28T21:00:23","slug":"le-club","status":"publish","type":"page","link":"https:\/\/legecapferret-handball.fr\/index.php\/le-club\/","title":{"rendered":"LE CLUB"},"content":{"rendered":"\t\t<div data-elementor-type=\"wp-page\" data-elementor-id=\"1968\" class=\"elementor elementor-1968\">\n\t\t\t\t<div class=\"elementor-element elementor-element-6e539a1 e-flex e-con-boxed wpr-particle-no wpr-jarallax-no wpr-parallax-no wpr-sticky-section-no wpr-equal-height-no e-con e-parent\" data-id=\"6e539a1\" data-element_type=\"container\" data-e-type=\"container\">\n\t\t\t\t\t<div class=\"e-con-inner\">\n\t\t\t\t<div class=\"elementor-element elementor-element-83b168f elementor-widget elementor-widget-heading\" data-id=\"83b168f\" data-element_type=\"widget\" data-e-type=\"widget\" data-widget_type=\"heading.default\">\n\t\t\t\t<div class=\"elementor-widget-container\">\n\t\t\t\t\t<h2 class=\"elementor-heading-title elementor-size-default\">\ud83d\udc1d Le Club \ud83d\udc1d<\/h2>\t\t\t\t<\/div>\n\t\t\t\t<\/div>\n\t\t\t\t<div class=\"elementor-element elementor-element-10838da elementor-widget elementor-widget-spacer\" data-id=\"10838da\" data-element_type=\"widget\" data-e-type=\"widget\" data-widget_type=\"spacer.default\">\n\t\t\t\t<div class=\"elementor-widget-container\">\n\t\t\t\t\t\t\t<div class=\"elementor-spacer\">\n\t\t\t<div class=\"elementor-spacer-inner\"><\/div>\n\t\t<\/div>\n\t\t\t\t\t\t<\/div>\n\t\t\t\t<\/div>\n\t\t\t\t\t<\/div>\n\t\t\t\t<\/div>\n\t\t<div class=\"elementor-element elementor-element-6cae6e5 e-flex e-con-boxed wpr-particle-no wpr-jarallax-no wpr-parallax-no wpr-sticky-section-no wpr-equal-height-no e-con e-parent\" data-id=\"6cae6e5\" data-element_type=\"container\" data-e-type=\"container\">\n\t\t\t\t\t<div class=\"e-con-inner\">\n\t\t\t\t<div class=\"elementor-element elementor-element-bc9b83f elementor-widget elementor-widget-heading\" data-id=\"bc9b83f\" data-element_type=\"widget\" data-e-type=\"widget\" data-widget_type=\"heading.default\">\n\t\t\t\t<div class=\"elementor-widget-container\">\n\t\t\t\t\t<h3 class=\"elementor-heading-title elementor-size-default\">le mot du pr\u00e9sident <\/h3>\t\t\t\t<\/div>\n\t\t\t\t<\/div>\n\t\t\t\t\t<\/div>\n\t\t\t\t<\/div>\n\t\t<div class=\"elementor-element elementor-element-3e34aff e-flex e-con-boxed wpr-particle-no wpr-jarallax-no wpr-parallax-no wpr-sticky-section-no wpr-equal-height-no e-con e-parent\" data-id=\"3e34aff\" data-element_type=\"container\" data-e-type=\"container\">\n\t\t\t\t\t<div class=\"e-con-inner\">\n\t\t<div class=\"elementor-element elementor-element-24769cc e-con-full e-flex wpr-particle-no wpr-jarallax-no wpr-parallax-no wpr-sticky-section-no wpr-equal-height-no e-con e-child\" data-id=\"24769cc\" data-element_type=\"container\" data-e-type=\"container\">\n\t\t<div class=\"elementor-element elementor-element-ddc0758 e-con-full e-flex wpr-particle-no wpr-jarallax-no wpr-parallax-no wpr-sticky-section-no wpr-equal-height-no e-con e-child\" data-id=\"ddc0758\" data-element_type=\"container\" data-e-type=\"container\" data-settings=\"{&quot;background_background&quot;:&quot;classic&quot;}\">\n\t\t\t\t<div class=\"elementor-element elementor-element-4136a77 elementor-widget elementor-widget-image\" data-id=\"4136a77\" data-element_type=\"widget\" data-e-type=\"widget\" data-widget_type=\"image.default\">\n\t\t\t\t<div class=\"elementor-widget-container\">\n\t\t\t\t\t\t\t\t\t\t\t\t\t\t\t<img fetchpriority=\"high\" decoding=\"async\" width=\"257\" height=\"273\" src=\"https:\/\/legecapferret-handball.fr\/wp-content\/uploads\/2025\/09\/Jean-paul-Boildieu.jpg\" class=\"attachment-medium size-medium wp-image-1873\" alt=\"Jean-Paul Boildieu pr\u00e9sident L\u00e8ge-Cap-Ferret handball\" srcset=\"https:\/\/legecapferret-handball.fr\/wp-content\/uploads\/2025\/09\/Jean-paul-Boildieu.jpg 257w, https:\/\/legecapferret-handball.fr\/wp-content\/uploads\/2025\/09\/Jean-paul-Boildieu-120x128.jpg 120w, https:\/\/legecapferret-handball.fr\/wp-content\/uploads\/2025\/09\/Jean-paul-Boildieu-30x32.jpg 30w\" sizes=\"(max-width: 257px) 100vw, 257px\" \/>\t\t\t\t\t\t\t\t\t\t\t\t\t\t\t<\/div>\n\t\t\t\t<\/div>\n\t\t\t\t<\/div>\n\t\t\t\t<\/div>\n\t\t<div class=\"elementor-element elementor-element-a0ec147 e-con-full e-flex wpr-particle-no wpr-jarallax-no wpr-parallax-no wpr-sticky-section-no wpr-equal-height-no e-con e-child\" data-id=\"a0ec147\" data-element_type=\"container\" data-e-type=\"container\">\n\t\t\t\t<div class=\"elementor-element elementor-element-d100c86 elementor-widget elementor-widget-text-editor\" data-id=\"d100c86\" data-element_type=\"widget\" data-e-type=\"widget\" data-widget_type=\"text-editor.default\">\n\t\t\t\t<div class=\"elementor-widget-container\">\n\t\t\t\t\t\t\t\t\t<p style=\"text-align: center;\"><b>\u00ab\u00a0Depuis<\/b> <b>sa<\/b> <b>cr\u00e9ation,<\/b> <b>notre<\/b> <b>Club<\/b> <b>a<\/b> <b>connu<\/b> <b>de <\/b><b>nombreuses<\/b> <b>\u00e9volutions.<\/b> <b>I<\/b><b>l<\/b> <b>a<\/b> <b>progress\u00e9<\/b> <b>et<\/b> <b>conti<\/b><b>nuera<\/b> <b>\u00e0<\/b> <b>faire<\/b> <b>\u00e9voluer<\/b> <b>ses<\/b> <b>modes<\/b> <b>de<\/b> <b>fonctionne<\/b><b>ment.<\/b>\u00a0<\/p><p style=\"text-align: center;\"><b>T<\/b><b>outefois,<\/b> <b>ses<\/b> <b>ob<\/b><b>j<\/b><b>ectifs<\/b> <b>demeureront<\/b> <b>avant <\/b><b>tout<\/b> <b>\u00e9ducatifs<\/b> <b>et<\/b> <b>sociau<\/b><b>x<\/b><b>.<\/b><\/p><p style=\"text-align: center;\"><b>Notre<\/b> <b>association<\/b> <b>doit <\/b><b>poursuivre<\/b> <b>le<\/b> <b>d\u00e9veloppement<\/b> <b>d<\/b><b>\u2019<\/b><b>activit\u00e9s<\/b> <b>en<\/b> <b>phase <\/b><b>avec<\/b> <b>les<\/b> <b>mutations<\/b> <b>des<\/b> <b>conte<\/b><b>x<\/b><b>tes<\/b> <b>sociau<\/b><b>x<\/b><b>, <\/b><b>politiques<\/b> <b>et<\/b> <b>\u00e9conomiques.\u00a0\u00bb<\/b><\/p><p style=\"text-align: center;\">Jean-Paul Boildieu, pr\u00e9sident du L\u00e8ge-Cap-Ferret Handball<\/p>\t\t\t\t\t\t\t\t<\/div>\n\t\t\t\t<\/div>\n\t\t\t\t<\/div>\n\t\t\t\t\t<\/div>\n\t\t\t\t<\/div>\n\t\t<div class=\"elementor-element elementor-element-e01fb4f e-flex e-con-boxed wpr-particle-no wpr-jarallax-no wpr-parallax-no wpr-sticky-section-no wpr-equal-height-no e-con e-parent\" data-id=\"e01fb4f\" data-element_type=\"container\" data-e-type=\"container\">\n\t\t\t\t\t<div class=\"e-con-inner\">\n\t\t\t\t<div class=\"elementor-element elementor-element-0fab614 elementor-widget elementor-widget-spacer\" data-id=\"0fab614\" data-element_type=\"widget\" data-e-type=\"widget\" data-widget_type=\"spacer.default\">\n\t\t\t\t<div class=\"elementor-widget-container\">\n\t\t\t\t\t\t\t<div class=\"elementor-spacer\">\n\t\t\t<div class=\"elementor-spacer-inner\"><\/div>\n\t\t<\/div>\n\t\t\t\t\t\t<\/div>\n\t\t\t\t<\/div>\n\t\t\t\t\t<\/div>\n\t\t\t\t<\/div>\n\t\t<div class=\"elementor-element elementor-element-716aedd e-flex e-con-boxed wpr-particle-no wpr-jarallax-no wpr-parallax-no wpr-sticky-section-no wpr-equal-height-no e-con e-parent\" data-id=\"716aedd\" data-element_type=\"container\" data-e-type=\"container\">\n\t\t\t\t\t<div class=\"e-con-inner\">\n\t\t\t\t<div class=\"elementor-element elementor-element-0f2a81d elementor-widget elementor-widget-heading\" data-id=\"0f2a81d\" data-element_type=\"widget\" data-e-type=\"widget\" data-widget_type=\"heading.default\">\n\t\t\t\t<div class=\"elementor-widget-container\">\n\t\t\t\t\t<h3 class=\"elementor-heading-title elementor-size-default\">L'histoire du club<\/h3>\t\t\t\t<\/div>\n\t\t\t\t<\/div>\n\t\t\t\t<div class=\"elementor-element elementor-element-4a4dd46 elementor-widget elementor-widget-text-editor\" data-id=\"4a4dd46\" data-element_type=\"widget\" data-e-type=\"widget\" data-widget_type=\"text-editor.default\">\n\t\t\t\t<div class=\"elementor-widget-container\">\n\t\t\t\t\t\t\t\t\t<p>La formation du L\u00e8ge-Cap Ferret Handball remonte \u00e0\u00a0<b>1974<\/b>. Nous c\u00e9l\u00e9brons par cons\u00e9quent cette ann\u00e9e,\u00a0<b>nos 52 ans d\u2019existence<\/b>.<\/p><p>La ligne directrice du club est la\u00a0<b>formation des jeunes joueurs et de leurs entra\u00eeneurs<\/b>.\u00a0<\/p><p>Pour la saison 2024-2025, nous comptions 16 \u00e9quipes, environ 270 licenci\u00e9s (163 filles et 107 gar\u00e7ons), 12 entra\u00eeneurs dipl\u00f4m\u00e9s ou en cours de formation dont 4 avec un D.E.J.E.P.S mention handball, 2 salari\u00e9s, 2 apprentis, 3 services civiques et un bon nombre de b\u00e9n\u00e9voles.<\/p><p>Le club propose \u00e9galement des s\u00e9ances de multi-sport pour les adultes qui souhaitent s&rsquo;essayer \u00e0 la pratique de diff\u00e9rents sports dans la bonne humeur.<\/p><p>Le L\u00e8ge-Cap-Ferret Handball \u00e0 la chance de pouvoir compter sur des fid\u00e8les\u00a0<b>b\u00e9n\u00e9voles<\/b>\u00a0lors des manifestations, mais nous avons toujours besoin de plus de monde alors n\u2019h\u00e9sitez pas \u00e0 nous rejoindre.<\/p>\t\t\t\t\t\t\t\t<\/div>\n\t\t\t\t<\/div>\n\t\t\t\t\t<\/div>\n\t\t\t\t<\/div>\n\t\t<div class=\"elementor-element elementor-element-71df4d1 e-flex e-con-boxed wpr-particle-no wpr-jarallax-no wpr-parallax-no wpr-sticky-section-no wpr-equal-height-no e-con e-parent\" data-id=\"71df4d1\" data-element_type=\"container\" data-e-type=\"container\">\n\t\t\t\t\t<div class=\"e-con-inner\">\n\t\t\t\t<div class=\"elementor-element elementor-element-20b611c elementor-widget elementor-widget-spacer\" data-id=\"20b611c\" data-element_type=\"widget\" data-e-type=\"widget\" data-widget_type=\"spacer.default\">\n\t\t\t\t<div class=\"elementor-widget-container\">\n\t\t\t\t\t\t\t<div class=\"elementor-spacer\">\n\t\t\t<div class=\"elementor-spacer-inner\"><\/div>\n\t\t<\/div>\n\t\t\t\t\t\t<\/div>\n\t\t\t\t<\/div>\n\t\t\t\t\t<\/div>\n\t\t\t\t<\/div>\n\t\t<div class=\"elementor-element elementor-element-65fdc27 e-flex e-con-boxed wpr-particle-no wpr-jarallax-no wpr-parallax-no wpr-sticky-section-no wpr-equal-height-no e-con e-parent\" data-id=\"65fdc27\" data-element_type=\"container\" data-e-type=\"container\">\n\t\t\t\t\t<div class=\"e-con-inner\">\n\t\t\t\t<div class=\"elementor-element elementor-element-8ecfc92 elementor-widget elementor-widget-heading\" data-id=\"8ecfc92\" data-element_type=\"widget\" data-e-type=\"widget\" data-widget_type=\"heading.default\">\n\t\t\t\t<div class=\"elementor-widget-container\">\n\t\t\t\t\t<h3 class=\"elementor-heading-title elementor-size-default\">nos valeurs<\/h3>\t\t\t\t<\/div>\n\t\t\t\t<\/div>\n\t\t\t\t\t<\/div>\n\t\t\t\t<\/div>\n\t\t<div class=\"elementor-element elementor-element-010240d e-flex e-con-boxed wpr-particle-no wpr-jarallax-no wpr-parallax-no wpr-sticky-section-no wpr-equal-height-no e-con e-parent\" data-id=\"010240d\" data-element_type=\"container\" data-e-type=\"container\">\n\t\t\t\t\t<div class=\"e-con-inner\">\n\t\t\t\t<div class=\"elementor-element elementor-element-85abfcc elementor-widget elementor-widget-text-editor\" data-id=\"85abfcc\" data-element_type=\"widget\" data-e-type=\"widget\" data-widget_type=\"text-editor.default\">\n\t\t\t\t<div class=\"elementor-widget-container\">\n\t\t\t\t\t\t\t\t\t<div><p>Le L\u00e8ge-Cap-Ferret Handball souhaite transmettre et communiquer les valeurs suivantes :<\/p><\/div><ul><li><strong>Respect<\/strong>\u00a0: respect mutuel (respect des entra\u00eeneurs, des arbitres, des autres sportifs, des r\u00e8gles, des lieux, etc.)<\/li><li><strong>\u00c9quit\u00e9<\/strong>\u00a0: accessibilit\u00e9 de la pratique pour tous.<\/li><li><strong>Esprit Sportif<\/strong>\u00a0: go\u00fbt pour l\u2019effort, la pers\u00e9v\u00e9rance, le d\u00e9passement de soi, la rigueur.<\/li><li><strong>Coop\u00e9ration<\/strong>\u00a0: agir ensemble pour mieux r\u00e9ussir.<\/li><\/ul><div>Toutes ces valeurs, qui nous sont ch\u00e8res et font parties de notre identit\u00e9, sont r\u00e9unies dans notre slogan \u00e9labor\u00e9 en 2019 :<\/div>\t\t\t\t\t\t\t\t<\/div>\n\t\t\t\t<\/div>\n\t\t\t\t<div class=\"elementor-element elementor-element-0de6eb1 elementor-widget elementor-widget-spacer\" data-id=\"0de6eb1\" data-element_type=\"widget\" data-e-type=\"widget\" data-widget_type=\"spacer.default\">\n\t\t\t\t<div class=\"elementor-widget-container\">\n\t\t\t\t\t\t\t<div class=\"elementor-spacer\">\n\t\t\t<div class=\"elementor-spacer-inner\"><\/div>\n\t\t<\/div>\n\t\t\t\t\t\t<\/div>\n\t\t\t\t<\/div>\n\t\t\t\t\t<\/div>\n\t\t\t\t<\/div>\n\t\t<div class=\"elementor-element elementor-element-a657f05 e-flex e-con-boxed wpr-particle-no wpr-jarallax-no wpr-parallax-no wpr-sticky-section-no wpr-equal-height-no e-con e-parent\" data-id=\"a657f05\" data-element_type=\"container\" data-e-type=\"container\">\n\t\t\t\t\t<div class=\"e-con-inner\">\n\t\t<div class=\"elementor-element elementor-element-db30e11 e-con-full e-flex wpr-particle-no wpr-jarallax-no wpr-parallax-no wpr-sticky-section-no wpr-equal-height-no e-con e-child\" data-id=\"db30e11\" data-element_type=\"container\" data-e-type=\"container\">\n\t\t\t\t<div class=\"elementor-element elementor-element-58e3f44 elementor-widget elementor-widget-image\" data-id=\"58e3f44\" data-element_type=\"widget\" data-e-type=\"widget\" data-widget_type=\"image.default\">\n\t\t\t\t<div class=\"elementor-widget-container\">\n\t\t\t\t\t\t\t\t\t\t\t\t\t\t\t<img decoding=\"async\" width=\"960\" height=\"960\" src=\"https:\/\/legecapferret-handball.fr\/wp-content\/uploads\/2024\/09\/LOGO-LCFHB-Photoroom-1024x1024.png\" class=\"attachment-large size-large wp-image-1109\" alt=\"logo L\u00e8ge-Cap-Ferret handball\" srcset=\"https:\/\/legecapferret-handball.fr\/wp-content\/uploads\/2024\/09\/LOGO-LCFHB-Photoroom-1024x1024.png 1024w, https:\/\/legecapferret-handball.fr\/wp-content\/uploads\/2024\/09\/LOGO-LCFHB-Photoroom-300x300.png 300w, https:\/\/legecapferret-handball.fr\/wp-content\/uploads\/2024\/09\/LOGO-LCFHB-Photoroom-150x150.png 150w, https:\/\/legecapferret-handball.fr\/wp-content\/uploads\/2024\/09\/LOGO-LCFHB-Photoroom-768x768.png 768w, https:\/\/legecapferret-handball.fr\/wp-content\/uploads\/2024\/09\/LOGO-LCFHB-Photoroom-128x128.png 128w, https:\/\/legecapferret-handball.fr\/wp-content\/uploads\/2024\/09\/LOGO-LCFHB-Photoroom-32x32.png 32w, https:\/\/legecapferret-handball.fr\/wp-content\/uploads\/2024\/09\/LOGO-LCFHB-Photoroom.png 1280w\" sizes=\"(max-width: 960px) 100vw, 960px\" \/>\t\t\t\t\t\t\t\t\t\t\t\t\t\t\t<\/div>\n\t\t\t\t<\/div>\n\t\t\t\t<\/div>\n\t\t<div class=\"elementor-element elementor-element-7a8017f e-con-full e-flex wpr-particle-no wpr-jarallax-no wpr-parallax-no wpr-sticky-section-no wpr-equal-height-no e-con e-child\" data-id=\"7a8017f\" data-element_type=\"container\" data-e-type=\"container\">\n\t\t\t\t<div class=\"elementor-element elementor-element-a2e84d0 elementor-widget elementor-widget-heading\" data-id=\"a2e84d0\" data-element_type=\"widget\" data-e-type=\"widget\" data-widget_type=\"heading.default\">\n\t\t\t\t<div class=\"elementor-widget-container\">\n\t\t\t\t\t<h3 class=\"elementor-heading-title elementor-size-default\">ENSEMBLE, NOUS SOMMES PLUS FORTS<\/h3>\t\t\t\t<\/div>\n\t\t\t\t<\/div>\n\t\t\t\t<\/div>\n\t\t<div class=\"elementor-element elementor-element-ff86f84 e-con-full e-flex wpr-particle-no wpr-jarallax-no wpr-parallax-no wpr-sticky-section-no wpr-equal-height-no e-con e-child\" data-id=\"ff86f84\" data-element_type=\"container\" data-e-type=\"container\">\n\t\t\t\t<div class=\"elementor-element elementor-element-6de1c46 elementor-widget elementor-widget-image\" data-id=\"6de1c46\" data-element_type=\"widget\" data-e-type=\"widget\" data-widget_type=\"image.default\">\n\t\t\t\t<div class=\"elementor-widget-container\">\n\t\t\t\t\t\t\t\t\t\t\t\t\t\t\t<img decoding=\"async\" width=\"960\" height=\"960\" src=\"https:\/\/legecapferret-handball.fr\/wp-content\/uploads\/2024\/09\/LOGO-LCFHB-Photoroom-1024x1024.png\" class=\"attachment-large size-large wp-image-1109\" alt=\"logo L\u00e8ge-Cap-Ferret handball\" srcset=\"https:\/\/legecapferret-handball.fr\/wp-content\/uploads\/2024\/09\/LOGO-LCFHB-Photoroom-1024x1024.png 1024w, https:\/\/legecapferret-handball.fr\/wp-content\/uploads\/2024\/09\/LOGO-LCFHB-Photoroom-300x300.png 300w, https:\/\/legecapferret-handball.fr\/wp-content\/uploads\/2024\/09\/LOGO-LCFHB-Photoroom-150x150.png 150w, https:\/\/legecapferret-handball.fr\/wp-content\/uploads\/2024\/09\/LOGO-LCFHB-Photoroom-768x768.png 768w, https:\/\/legecapferret-handball.fr\/wp-content\/uploads\/2024\/09\/LOGO-LCFHB-Photoroom-128x128.png 128w, https:\/\/legecapferret-handball.fr\/wp-content\/uploads\/2024\/09\/LOGO-LCFHB-Photoroom-32x32.png 32w, https:\/\/legecapferret-handball.fr\/wp-content\/uploads\/2024\/09\/LOGO-LCFHB-Photoroom.png 1280w\" sizes=\"(max-width: 960px) 100vw, 960px\" \/>\t\t\t\t\t\t\t\t\t\t\t\t\t\t\t<\/div>\n\t\t\t\t<\/div>\n\t\t\t\t<\/div>\n\t\t\t\t\t<\/div>\n\t\t\t\t<\/div>\n\t\t<div class=\"elementor-element elementor-element-df973d4 e-flex e-con-boxed wpr-particle-no wpr-jarallax-no wpr-parallax-no wpr-sticky-section-no wpr-equal-height-no e-con e-parent\" data-id=\"df973d4\" data-element_type=\"container\" data-e-type=\"container\">\n\t\t\t\t\t<div class=\"e-con-inner\">\n\t\t\t\t<div class=\"elementor-element elementor-element-4ee12f0 elementor-widget elementor-widget-spacer\" data-id=\"4ee12f0\" data-element_type=\"widget\" data-e-type=\"widget\" data-widget_type=\"spacer.default\">\n\t\t\t\t<div class=\"elementor-widget-container\">\n\t\t\t\t\t\t\t<div class=\"elementor-spacer\">\n\t\t\t<div class=\"elementor-spacer-inner\"><\/div>\n\t\t<\/div>\n\t\t\t\t\t\t<\/div>\n\t\t\t\t<\/div>\n\t\t\t\t\t<\/div>\n\t\t\t\t<\/div>\n\t\t<div class=\"elementor-element elementor-element-a96b822 e-flex e-con-boxed wpr-particle-no wpr-jarallax-no wpr-parallax-no wpr-sticky-section-no wpr-equal-height-no e-con e-parent\" data-id=\"a96b822\" data-element_type=\"container\" data-e-type=\"container\">\n\t\t\t\t\t<div class=\"e-con-inner\">\n\t\t\t\t<div class=\"elementor-element elementor-element-840029b elementor-widget elementor-widget-heading\" data-id=\"840029b\" data-element_type=\"widget\" data-e-type=\"widget\" data-widget_type=\"heading.default\">\n\t\t\t\t<div class=\"elementor-widget-container\">\n\t\t\t\t\t<h3 class=\"elementor-heading-title elementor-size-default\">Organigramme<\/h3>\t\t\t\t<\/div>\n\t\t\t\t<\/div>\n\t\t\t\t<div class=\"elementor-element elementor-element-a1798d1 elementor-widget elementor-widget-image\" data-id=\"a1798d1\" data-element_type=\"widget\" data-e-type=\"widget\" data-widget_type=\"image.default\">\n\t\t\t\t<div class=\"elementor-widget-container\">\n\t\t\t\t\t\t\t\t\t\t\t\t\t\t\t<img decoding=\"async\" width=\"212\" height=\"300\" src=\"https:\/\/legecapferret-handball.fr\/wp-content\/uploads\/2025\/09\/organigramme-2-212x300.jpg\" class=\"attachment-medium size-medium wp-image-1887\" alt=\"Organigramme bureau L\u00e8ge-Cap-Ferret HANDBALL\" srcset=\"https:\/\/legecapferret-handball.fr\/wp-content\/uploads\/2025\/09\/organigramme-2-212x300.jpg 212w, https:\/\/legecapferret-handball.fr\/wp-content\/uploads\/2025\/09\/organigramme-2-725x1024.jpg 725w, https:\/\/legecapferret-handball.fr\/wp-content\/uploads\/2025\/09\/organigramme-2-768x1085.jpg 768w, https:\/\/legecapferret-handball.fr\/wp-content\/uploads\/2025\/09\/organigramme-2-91x128.jpg 91w, https:\/\/legecapferret-handball.fr\/wp-content\/uploads\/2025\/09\/organigramme-2-23x32.jpg 23w, https:\/\/legecapferret-handball.fr\/wp-content\/uploads\/2025\/09\/organigramme-2.jpg 795w\" sizes=\"(max-width: 212px) 100vw, 212px\" \/>\t\t\t\t\t\t\t\t\t\t\t\t\t\t\t<\/div>\n\t\t\t\t<\/div>\n\t\t\t\t\t<\/div>\n\t\t\t\t<\/div>\n\t\t<div class=\"elementor-element elementor-element-132aff6 e-flex e-con-boxed wpr-particle-no wpr-jarallax-no wpr-parallax-no wpr-sticky-section-no wpr-equal-height-no e-con e-parent\" data-id=\"132aff6\" data-element_type=\"container\" data-e-type=\"container\">\n\t\t\t\t\t<div class=\"e-con-inner\">\n\t\t\t\t<div class=\"elementor-element elementor-element-a8897b6 elementor-widget elementor-widget-spacer\" data-id=\"a8897b6\" data-element_type=\"widget\" data-e-type=\"widget\" data-widget_type=\"spacer.default\">\n\t\t\t\t<div class=\"elementor-widget-container\">\n\t\t\t\t\t\t\t<div class=\"elementor-spacer\">\n\t\t\t<div class=\"elementor-spacer-inner\"><\/div>\n\t\t<\/div>\n\t\t\t\t\t\t<\/div>\n\t\t\t\t<\/div>\n\t\t\t\t\t<\/div>\n\t\t\t\t<\/div>\n\t\t<div class=\"elementor-element elementor-element-cd0a74c e-flex e-con-boxed wpr-particle-no wpr-jarallax-no wpr-parallax-no wpr-sticky-section-no wpr-equal-height-no e-con e-parent\" data-id=\"cd0a74c\" data-element_type=\"container\" data-e-type=\"container\">\n\t\t\t\t\t<div class=\"e-con-inner\">\n\t\t\t\t<div class=\"elementor-element elementor-element-5e2d757 elementor-widget elementor-widget-spacer\" data-id=\"5e2d757\" data-element_type=\"widget\" data-e-type=\"widget\" data-widget_type=\"spacer.default\">\n\t\t\t\t<div class=\"elementor-widget-container\">\n\t\t\t\t\t\t\t<div class=\"elementor-spacer\">\n\t\t\t<div class=\"elementor-spacer-inner\"><\/div>\n\t\t<\/div>\n\t\t\t\t\t\t<\/div>\n\t\t\t\t<\/div>\n\t\t\t\t\t<\/div>\n\t\t\t\t<\/div>\n\t\t\t\t<\/div>\n\t\t","protected":false},"excerpt":{"rendered":"<p>\ud83d\udc1d Le Club \ud83d\udc1d le mot du pr\u00e9sident \u00ab\u00a0Depuis sa cr\u00e9ation, notre Club a connu de nombreuses \u00e9volutions. Il a progress\u00e9 et continuera \u00e0 faire \u00e9voluer ses modes de fonctionnement.\u00a0 Toutefois, ses objectifs demeureront avant tout \u00e9ducatifs et sociaux. Notre association doit poursuivre le d\u00e9veloppement d\u2019activit\u00e9s en phase avec les mutations des contextes sociaux, politiques et \u00e9conomiques.\u00a0\u00bb Jean-Paul Boildieu, pr\u00e9sident du L\u00e8ge-Cap-Ferret Handball L&rsquo;histoire du club La formation du L\u00e8ge-Cap Ferret Handball remonte \u00e0\u00a01974. Nous c\u00e9l\u00e9brons par cons\u00e9quent cette ann\u00e9e,\u00a0nos 52 ans d\u2019existence. La ligne directrice du club est la\u00a0formation des jeunes joueurs et de leurs entra\u00eeneurs.\u00a0 Pour la saison 2024-2025, nous comptions 16 \u00e9quipes, environ 270 licenci\u00e9s (163 filles et 107 gar\u00e7ons), 12 entra\u00eeneurs dipl\u00f4m\u00e9s ou en cours de formation dont 4 avec un D.E.J.E.P.S mention handball, 2 salari\u00e9s, 2 apprentis, 3 services civiques et un bon nombre de b\u00e9n\u00e9voles. Le club propose \u00e9galement des s\u00e9ances de multi-sport pour les adultes qui souhaitent s&rsquo;essayer \u00e0 la pratique de diff\u00e9rents sports dans la bonne humeur. Le L\u00e8ge-Cap-Ferret Handball \u00e0 la chance de pouvoir compter sur des fid\u00e8les\u00a0b\u00e9n\u00e9voles\u00a0lors des manifestations, mais nous avons toujours besoin de plus de monde alors n\u2019h\u00e9sitez pas \u00e0 nous rejoindre. nos valeurs Le L\u00e8ge-Cap-Ferret Handball souhaite transmettre et communiquer les valeurs suivantes : Respect\u00a0: respect mutuel (respect des entra\u00eeneurs, des arbitres, des autres sportifs, des r\u00e8gles, des lieux, etc.) \u00c9quit\u00e9\u00a0: accessibilit\u00e9 de la pratique pour tous. Esprit Sportif\u00a0: go\u00fbt pour l\u2019effort, la pers\u00e9v\u00e9rance, le d\u00e9passement de soi, la rigueur. Coop\u00e9ration\u00a0: agir ensemble pour mieux r\u00e9ussir. Toutes ces valeurs, qui nous sont ch\u00e8res et font parties de notre identit\u00e9, sont r\u00e9unies dans notre slogan \u00e9labor\u00e9 en 2019 : ENSEMBLE, NOUS SOMMES PLUS FORTS Organigramme<\/p>\n","protected":false},"author":1,"featured_media":0,"parent":0,"menu_order":0,"comment_status":"closed","ping_status":"closed","template":"","meta":{"footnotes":""},"class_list":["post-1968","page","type-page","status-publish","hentry"],"_links":{"self":[{"href":"https:\/\/legecapferret-handball.fr\/index.php\/wp-json\/wp\/v2\/pages\/1968","targetHints":{"allow":["GET"]}}],"collection":[{"href":"https:\/\/legecapferret-handball.fr\/index.php\/wp-json\/wp\/v2\/pages"}],"about":[{"href":"https:\/\/legecapferret-handball.fr\/index.php\/wp-json\/wp\/v2\/types\/page"}],"author":[{"embeddable":true,"href":"https:\/\/legecapferret-handball.fr\/index.php\/wp-json\/wp\/v2\/users\/1"}],"replies":[{"embeddable":true,"href":"https:\/\/legecapferret-handball.fr\/index.php\/wp-json\/wp\/v2\/comments?post=1968"}],"version-history":[{"count":25,"href":"https:\/\/legecapferret-handball.fr\/index.php\/wp-json\/wp\/v2\/pages\/1968\/revisions"}],"predecessor-version":[{"id":2247,"href":"https:\/\/legecapferret-handball.fr\/index.php\/wp-json\/wp\/v2\/pages\/1968\/revisions\/2247"}],"wp:attachment":[{"href":"https:\/\/legecapferret-handball.fr\/index.php\/wp-json\/wp\/v2\/media?parent=1968"}],"curies":[{"name":"wp","href":"https:\/\/api.w.org\/{rel}","templated":true}]}}